70 and n.
10
Let o be (192/80)/(2/25). Suppose 0 = -y - 3*y - 44. Let r = o + y. What is the greatest common factor of 19 and r?
19
Let a = -2 + 5. Let g(v) = 15*v. Let r be g(a). Let p = r - 17. Calculate the highest common divisor of 4 and p.
4
Let d be ((-19)/38)/((-2)/32). What is the greatest common factor of 88 and d?
8
Suppose j - 4*m - 85 = 0, 2*m + 2*m + 340 = 4*j. Let l(q) = q**3 + q**2 - 4*q - 7. Let z be l(3). Calculate the greatest common divisor of z and j.
17
Suppose -2*w - 2*w = 3*n - 58, 46 = 3*w + n. Let p = 2 + 3. Suppose -p*s + 256 = -s. Calculate the highest common factor of s and w.
16
Suppose 0 = 2*v + 4*k + 12, -3*k = -v - 4*k - 4. Let p = 2 - v. Suppose -p*i + 13 = -3. Calculate the highest common divisor of i and 6.
2
Let p = 51 - -21. Suppose 0 = 3*h + h - p. What is the highest common divisor of h and 45?
9
Let b(z) = z**2 + 13*z + 1. Let m be b(-7). Let w = m + 62. What is the highest common divisor of 14 and w?
7
Let m(f) = f**3 + 5*f**2 - 6*f + 17. Let r be m(-6). What is the greatest common factor of 51 and r?
17
Suppose 0 = -4*y + 36 + 4. What is the highest common factor of 70 and y?
10
Let m be (4/(-10))/(1/(-25)). Let r(t) = -t**2 + 5*t + 34. Let y be r(8). Calculate the greatest common factor of y and m.
10
Let w = -2 - -3. Suppose -3*o + 5 + w = 0. What is the greatest common divisor of o and 4?
2
Let a be ((-15)/(-12))/(2/8). Suppose 4*c = -s - 19, 0*s - 2*c - 5 = a*s. Calculate the highest common divisor of 1 and s.
1
Let p = -20 + 8. Let x be (6/(-4))/(9/p). Calculate the highest common factor of x and 10.
2
Let h(c) = 2*c**2 - 5*c + 1. Let v be (-208)/(-40) + (-1)/5. Let g be h(v). Calculate the highest common factor of g and 13.
13
Let g be 0/(1/2*-2). Suppose 0 = -j - g*j + 6. Suppose 4 = 6*w - 2*w, -5*w + 65 = 2*u. What is the greatest common divisor of u and j?
6
Let i(r) = r + 2. Let y be i(18). What is the highest common divisor of y and 10?
10
Let y(b) = b**2 - 11*b - 16. Let l be y(13). Let p be (2 - 0)/(4/2). Let w be 72 + -1 - (p + 0). What is the greatest common factor of w and l?
10
Let p = -82 - -132. Let d = 94 + -19. What is the highest common factor of p and d?
25
Let y = -9 - -17. Suppose -3*i + y = i. Suppose 95 = i*p - 5. Calculate the greatest common factor of p and 10.
10
Let h be (-1)/(-4 - 6/(-2)). Suppose 4*b = -3*q + 13 - 0, 3*b - 4*q = 16. Calculate the highest common divisor of b and h.
1
Let r = -1 + 2. Let i(g) = 21*g**3 + 1. Let l be i(r). What is the greatest common divisor of 2 and l?
2
Let s(p) = -15*p - 1. Let v = -10 - -9. Let l be s(v). What is the highest common divisor of 35 and l?
7
Let z be (-12)/(-14)*-1*35/(-1). What is the highest common factor of 75 and z?
15
Suppose 0 = 3*d - 2*d + 35. Let f be 0 - 4 - d/1. What is the greatest common divisor of f and 31?
31
Let z be (198/4)/((-6)/(-8)). Let i(a) = 10*a**2 - 2*a. Let h be i(-2). Calculate the highest common factor of h and z.
22
Suppose -4*v = -j - 33, -3*v = -2*v - 3*j - 22. Suppose 2*y + c = 109, 0*y + 4*c + 124 = 2*y. What is the greatest common divisor of y and v?
7
Let d be (-48)/(-4) + (0 - 0). Suppose -6*o = -3*o - d. Suppose 60 = 2*i + o. What is the highest common factor of i and 4?
4
Let a be (-12)/(-6) + (3 + 82 - -1). Let m be 10/1 + (2 - 1). What is the highest common divisor of m and a?
11
Let l be (-3)/(-6)*2 - -202. Calculate the highest common divisor of l and 29.
29
Suppose n + 83 = 5*k, 0*n - 89 = -5*k - 2*n. What is the greatest common factor of k and 34?
17
Suppose 2*i - 60 - 46 = 4*t, 5*i + 2*t - 217 = 0. Calculate the highest common factor of 60 and i.
15
Let z(l) = l**2 - 8*l + 2. Let b(s) = s**2 + 5*s - 5. Let h be b(-7). Let c be z(h). Calculate the greatest common divisor of c and 55.
11
Suppose 3*i - 65 = 16. Calculate the highest common divisor of 12 and i.
3
Let t be (3/(-2))/(21/(-182)). Let m(y) = -y - 2*y**3 + 10 + 16 - y**2 + 3*y**3. Let a be m(0). What is the greatest common divisor of a and t?
13
Let q(o) = -10*o**2 + o. Let z be q(1). Let d = 16 + z. Let v(y) = -y**3 - 7*y**2 - 7*y - 5. Let m be v(-6). What is the greatest common factor of d and m?
1
Let t(a) = a**3 + 11*a**2 + 11*a. Let w be t(-10). Let m = -16 - w. Let d = 14 - m. Calculate the highest common factor of 8 and d.
4
Suppose 5*m - 8 - 32 = 0. Calculate the highest common factor of m and 4.
4
Let a(y) = y**2 - 1. Let v be a(2). Suppose v*u + 24 = 6*u. Suppose 4*c - 18 = 14. Calculate the greatest common factor of u and c.
8
Suppose 3*l = 5*u - 204 - 86, 2*u - 5*l = 135. Suppose u + 25 = 4*x. Let i = x + -9. What is the highest common factor of i and 1?
1
Suppose 5*u - 2*w = -60, -2*u - 30 = -u - 4*w. Let p be (4/3)/(u/(-315)). Suppose 117 + 23 = 5*b. What is the highest common divisor of b and p?
14
Suppose t + 4*t = 25. Let o(m) = 2*m**2 - 6*m - 4. Let n be o(t). Suppose -96 = -q - 2*q. Calculate the greatest common divisor of n and q.
16
Let x(i) = -7*i + 6. Let l(b) = 14*b - 13. Let u(y) = -3*l(y) - 5*x(y). Let t be u(-6). Calculate the greatest common divisor of 17 and t.
17
Suppose -p - p + 40 = 0. Calculate the highest common factor of 220 and p.
20
Suppose -n = -2*i + 10 - 116, -i = -3. What is the highest common divisor of 16 and n?
16
Let t(g) = -3*g - 7. Let f be t(-4). What is the greatest common factor of 40 and f?
5
Suppose -5*i + 120 = i. What is the greatest common divisor of i and 220?
20
Suppose 2*u = -5*r + 330, -2*u = 5*r - 4*r - 74. What is the highest common factor of 32 and r?
32
Let t be ((4/(-6))/1)/((-16)/1224). What is the greatest common divisor of t and 34?
17
Let w = -102 + 108. Calculate the greatest common factor of w and 30.
6
Suppose 0 = -6*c + 31 + 35. What is the highest common divisor of c and 99?
11
Suppose -w = -2*w + 36. Calculate the highest common factor of w and 36.
36
Let t be (0 + 20)*33/44. What is the greatest common factor of t and 10?
5
Let h(j) = -3*j + 27. Let c be h(-13). What is the greatest common divisor of c and 6?
6
Let z(m) = -m. Let d(f) = -2*f + 1. Let t(v) = d(v) + 3*z(v). Let r be t(-1). Calculate the highest common factor of 6 and r.
6
Suppose -k + 13 = -4*a, a = 4 - 3. Suppose 5*l - 2*o = 933, 3*l - 4*o - o = 556. Calculate the highest common factor of k and l.
17
Let n = 2 + 17. Calculate the highest common divisor of n and 171.
19
Let d(g) = 35*g**3 + g**2 - 2*g. Let i be d(2). Suppose 7*f - i = 3*f. Let l = 55 + -27. What is the greatest common factor of f and l?
14
Let h(s) = s**2 - 5*s + 1. Let q be h(5). Let z = 4 + q. Suppose -z*o = 0, o = v + 6*o - 7. Calculate the highest common divisor of v and 1.
1
Suppose 2 = o - 0*o. Suppose -56 = -0*f - o*f. What is the highest common factor of f and 14?
14
Suppose -4*k + 160 = k. What is the greatest common divisor of k and 64?
32
Suppose -5*r + 5 = 0, 8 = 4*y + 4*r - 80. What is the highest common factor of 14 and y?
7
Let j be (-1*(5 + 1))/(-2). Let l(o) = 6*o - 2. Let g be l(j). Let d = -3 + 5. What is the highest common factor of g and d?
2
Let o(j) = -j**3 + 11*j**2 - 9*j - 9. Let w be o(10). Suppose -8 = -p + w. What is the highest common factor of 6 and p?
3
Suppose 0 = -3*f - 3*r + 6, 2*r - 2 = -3*f + 7. What is the highest common factor of 2 and f?
1
Suppose 0 = -4*l + 2*l - 2*g + 16, 25 = 5*g. Let s be (l/6)/(2/(-208)). Let j be 2/(-6) - s/3. What is the highest common divisor of 187 and j?
17
Let t(a) = -4*a + 9. Let d be t(2). Calculate the highest common divisor of d and 5.
1
Let b(q) = 2*q + 6. Let c be b(-5). Let j = c + 5. Let o be (75/(-20))/(j/(-4)). What is the highest common factor of 15 and o?
15
Suppose i = g + 2, 4*i - 5*g - 12 + 5 = 0. Suppose 15 = -3*a, l - 2*l - i*a - 6 = 0. What is the highest common divisor of l and 72?
9
Let d(y) = y. Let v(z) = -z + 1. Let f(s) = -2*d(s) + v(s). Let j be f(-2). Let g be (-2)/j + 142/7. What is the greatest common factor of 5 and g?
5
Suppose -s - 6 = -26. What is the highest common factor of 40 and s?
20
Suppose 0 = 5*k - 9 - 21. What is the greatest common divisor of 15 and k?
3
Let j = -2 - -5. Let x = j - 1. Suppose -5 = w - x*w. What is the highest common factor of 10 and w?
5
Let d be (6/4 + 0)*16. What is the greatest common divisor of d and 36?
12
Suppose -u - 6 = -4*u. Suppose 0 = -5*l, 5*a + 3*l - u*l - 35 = 0. Calculate 